 highest common factor of 10 and 410.
10
What is the highest common divisor of 609 and 21?
21
Calculate the highest common divisor of 138259 and 11.
11
Calculate the highest common divisor of 1884 and 9.
3
What is the highest common factor of 7 and 72366?
7
Calculate the highest common divisor of 741 and 312.
39
Calculate the greatest common divisor of 49 and 35.
7
What is the highest common divisor of 49 and 903?
7
What is the highest common factor of 15 and 240?
15
Calculate the greatest common divisor of 6 and 327.
3
What is the greatest common divisor of 15 and 14865?
15
Calculate the greatest common factor of 42168 and 56.
56
Calculate the highest common factor of 7072 and 624.
208
What is the greatest common divisor of 536 and 17956?
268
What is the highest common factor of 100 and 12?
4
What is the highest common factor of 96 and 432?
48
What is the greatest common factor of 1704 and 12?
12
Calculate the highest common divisor of 17 and 4369.
17
What is the greatest common divisor of 120 and 520?
40
What is the greatest common divisor of 65198 and 14?
14
What is the highest common divisor of 1683 and 44?
11
What is the highest common divisor of 451 and 82?
41
What is the greatest common factor of 715 and 8294?
143
What is the greatest common divisor of 18 and 36?
18
Calculate the highest common divisor of 483 and 84.
21
What is the highest common factor of 393 and 5371?
131
Calculate the highest common divisor of 25200 and 18.
18
What is the greatest common divisor of 80 and 15?
5
Calculate the highest common divisor of 4 and 4076.
4
Calculate the greatest common factor of 5050 and 808.
202
What is the highest common divisor of 29 and 3799?
29
Calculate the highest common divisor of 364 and 65.
13
Calculate the greatest common divisor of 133 and 2.
1
What is the highest common divisor of 96 and 5136?
48
What is the greatest common divisor of 1175 and 125?
25
What is the greatest common factor of 253 and 407?
11
What is the highest common divisor of 22 and 253?
11
What is the greatest common factor of 72 and 684?
36
What is the greatest common factor of 84 and 24?
12
What is the greatest common factor of 13 and 468?
13
Calculate the highest common divisor of 836 and 11.
11
What is the greatest common factor of 41 and 738?
41
What is the highest common divisor of 1476 and 468?
36
Calculate the greatest common factor of 2 and 21.
1
What is the highest common factor of 154 and 126?
14
Calculate the highest common factor of 9 and 81.
9
Calculate the highest common divisor of 145 and 8555.
145
What is the greatest common divisor of 720 and 90?
90
What is the greatest common divisor of 4979 and 13?
13
Calculate the greatest common factor of 40 and 15.
5
Calculate the highest common divisor of 42 and 12621.
21
What is the greatest common divisor of 1003 and 34?
17
What is the greatest common factor of 3 and 33?
3
Calculate the highest common divisor of 13140 and 15.
15
What is the greatest common factor of 39 and 24?
3
Calculate the highest common divisor of 2050 and 164.
82
Calculate the highest common divisor of 14 and 17472.
14
What is the greatest common divisor of 1271 and 868?
31
Calculate the highest common divisor of 62 and 6634.
62
Calculate the greatest common divisor of 21 and 63.
21
Calculate the greatest common divisor of 175 and 140.
35
What is the greatest common factor of 96 and 15?
3
Calculate the highest common factor of 56 and 504.
56
What is the greatest common divisor of 74 and 20054?
74
What is the greatest common divisor of 17 and 15572?
17
What is the highest common factor of 711 and 1580?
79
What is the highest common divisor of 68 and 20?
4
Calculate the highest common divisor of 9522 and 184.
46
What is the highest common factor of 26503 and 17?
17
Calculate the highest common divisor of 11058 and 388.
194
What is the highest common divisor of 123 and 3?
3
Calculate the highest common factor of 75 and 255.
15
Calculate the highest common factor of 4 and 1676.
4
What is the highest common divisor of 15 and 1655?
5
What is the greatest common divisor of 470 and 1080?
10
What is the greatest common factor of 10 and 45?
5
What is the highest common factor of 40203 and 27?
27
Calculate the greatest common divisor of 2424 and 1128.
24
What is the highest common divisor of 512 and 176?
16
What is the greatest common divisor of 845 and 65?
65
What is the greatest common factor of 268 and 67?
67
Calculate the highest common factor of 730 and 30.
10
What is the greatest common divisor of 18 and 10?
2
Calculate the highest common divisor of 1444 and 228.
76
Calculate the greatest common divisor of 18 and 14490.
18
What is the greatest common factor of 1397 and 11?
11
What is the greatest common divisor of 40 and 5800?
40
What is the greatest common divisor of 121 and 2783?
121
What is the greatest common divisor of 84 and 372?
12
What is the greatest common divisor of 2274 and 6?
6
What is the highest common divisor of 980 and 160?
20
Calculate the greatest common factor of 574 and 738.
82
What is the greatest common divisor of 3355 and 366?
61
What is the highest common factor of 34911 and 81?
81
What is the greatest common divisor of 4 and 324?
4
What is the greatest common divisor of 58 and 38338?
58
Calculate the greatest common factor of 164 and 738.
82
What is the greatest common factor of 928 and 1664?
32
Calculate the greatest common divisor of 319 and 43703.
319
Calculate the greatest common divisor of 38 and 17917.
19
Calculate the greatest common factor of 30 and 3945.
15
Calculate the highest common factor of 765 and 30.
15
What is the greatest common factor of 518 and 370?
74
Calculate the highest common factor of 20281 and 34.
17
What is the greatest common factor of 2432 and 76?
76
What is the highest common factor of 50 and 850?
50
Calculate the greatest common factor of 2560 and 48.
16
What is the highest common divisor of 3337 and 47?
47
What is the highest common factor of 5 and 2315?
5
Calculate the highest common divisor of 172 and 6278.
86
Calculate the greatest common divisor of 96 and 5112.
24
What is the greatest common factor of 39396 and 268?
268
Calculate the highest common factor of 72 and 12.
12
Calculate the highest common factor of 31 and 20491.
31
Calculate the highest common divisor of 8 and 456.
8
What is the highest common divisor of 1312 and 82?
82
What is the greatest common factor of 102 and 870?
6
Calculate the greatest common factor of 4 and 202.
2
Calculate the highest common divisor of 504 and 63.
63
Calculate the highest common divisor of 123 and 28003.
41
Calculate the greatest common factor of 135 and 720.
45
Calculate the highest common factor of 413 and 944.
59
What is the greatest common factor of 294 and 1344?
42
What is the greatest common divisor of 18378 and 18?
18
Calculate the highest common factor of 3698 and 4.
2
What is the highest common factor of 7505 and 79?
79
Calculate the greatest common factor of 1633 and 497.
71
What is the highest common factor of 1649 and 34?
17
Calculate the highest common divisor of 198 and 275.
11
Calculate the greatest common factor of 204 and 68.
68
What is the greatest common factor of 120 and 45?
15
What is the greatest common factor of 1 and 3661?
1
What is the greatest common factor of 4004 and 14?
14
Calculate the highest common factor of 15226 and 46.
46
What is the greatest common divisor of 432 and 64?
16
What is the highest common divisor of 1911 and 78?
39
Calculate the highest common factor of 1776 and 48.
48
Calculate the greatest common factor of 18 and 882.
18
What is the greatest common divisor of 30 and 150?
30
Calculate the greatest common factor of 384 and 24.
24
Calculate the greatest common divisor of 6045 and 975.
195
What is the greatest common factor of 21 and 12?
3
What is the highest common divisor of 1351 and 28?
7
What is the highest common factor of 174 and 57?
3
Calculate the greatest common factor of 576 and 666.
18
What is the greatest common factor of 1056 and 2?
2
What is the greatest common factor of 65 and 30?
5
What is the greatest common divisor of 84 and 70?
14
Calculate the highest common factor of 128 and 640.
128
What is the highest common factor of 192 and 8?
8
Calculate the highest common divi